2 + 7*k + 2. Determine u(-1).
334
Let g(l) = -30*l + 888. What is g(28)?
48
Let v(m) = 221*m - 1322. What is v(6)?
4
Let j(a) = -a**2 - 397*a + 19890. Calculate j(45).
0
Let y(o) = 41*o + 313. What is y(-8)?
-15
Let m(s) = -2*s**2 - 3*s + 117. Determine m(-11).
-92
Let u(f) = f**3 - 27*f**2 + 128*f - 12. Determine u(6).
0
Let f(v) = 4*v**3 - 2*v**2 - 5*v - 221. Determine f(0).
-221
Let y(l) = 2*l**3 + 92*l**2 + 11*l - 98. Calculate y(-46).
-604
Let p(y) = -y**2 + 812*y - 2424. Determine p(3).
3
Let c(a) = -155*a - 1005. Determine c(-6).
-75
Let f(a) = -20*a + 385. Calculate f(15).
85
Let q(l) = 86*l + 654. Give q(-13).
-464
Let c(n) = -7*n**3 - 9*n**2 - 11*n - 1. Determine c(-4).
347
Let w(z) = 8*z**3 - 19*z**2 - 69*z - 7. Determine w(-3).
-187
Let d(l) = -4*l**2 + 184*l + 485. What is d(48)?
101
Let l(t) = -125*t**2 + 5*t + 2. What is l(-2)?
-508
Let y(n) = 23*n - 277. What is y(12)?
-1
Let z(o) = -5*o**2 - 135*o + 617. What is z(-31)?
-3
Let n(i) = -i**2 + 50*i + 99. Determine n(49).
148
Let o(s) = 12*s**2 + 899*s + 892. What is o(-1)?
5
Let p(a) = -202*a + 61. Determine p(-1).
263
Let c(m) = -356*m**2 + 8548*m - 100. What is c(24)?
-4
Let p(x) = -x**3 - 6*x**2 + 57*x + 320. What is p(-5)?
10
Let j(l) = -2*l**3 - 24*l**2 + 164*l - 163. Determine j(-17).
-61
Let o(t) = t**3 - 388*t**2 + 1537*t - 1. Give o(4).
3
Let q(b) = -b**3 + 23*b**2 - 92*b + 299. Calculate q(19).
-5
Let m(w) = -990*w - 34663. Determine m(-35).
-13
Let q(m) = -4*m**3 + 6*m**2 + 97*m + 37. What is q(6)?
-29
Let a(t) = 12*t - 572. What is a(49)?
16
Let u(l) = -2*l**3 + 103*l**2 - 62*l + 97. Calculate u(51).
-464
Let q(x) = 3*x**2 - 356*x - 373. Determine q(120).
107
Let g(w) = 2*w**2 - 13*w - 28. Give g(10).
42
Let k(j) = 251*j - 238. Determine k(1).
13
Let f(z) = 47*z + 205. Determine f(-6).
-77
Let i(l) = l**2 - 75*l - 1150. Calculate i(-13).
-6
Let x(w) = -27*w**3 + 2*w**2 - 23*w + 22. Calculate x(1).
-26
Let y(l) = 2117*l + 21162. Determine y(-10).
-8
Let v(s) = -s**3 - 7*s**2 - 2*s + 12. Determine v(-4).
-28
Let l(x) = -77*x + 452. Calculate l(6).
-10
Let s(n) = n**3 - 24*n**2 + 35*n - 251. Calculate s(23).
25
Let i(o) = -o**3 + 5*o**2 + 12*o - 18. What is i(6)?
18
Let k(m) = 171*m - 2569. Calculate k(15).
-4
Let w(j) = 371*j - 749. What is w(2)?
-7
Let p(h) = -h**3 - 8*h**2 - 33*h - 758. What is p(-11)?
-32
Let a(y) = 2*y**3 + 5*y**2 + 4*y - 3. What is a(-2)?
-7
Let n(g) = -4*g**2 - 13*g - 13. What is n(-4)?
-25
Let o(p) = 32*p - 46. Determine o(3).
50
Let w(v) = -76*v + 15. Calculate w(4).
-289
Let i(x) = -3*x**3 - 31*x**2 + 31*x + 13. Determine i(-11).
-86
Let h(y) = -y**2 + 9*y + 38. Calculate h(-5).
-32
Let z(c) = -c**3 + 20*c**2 + 33*c - 242. Determine z(21).
10
Let b(k) = -k + 12. What is b(-38)?
50
Let k(p) = -6*p**3 - 23*p**2 - 28*p - 1. Calculate k(-2).
11
Let p(k) = k**3 + 32*k**2 + 4*k + 1223. What is p(-33)?
2
Let r(h) = h**3 + 9*h**2 + 4*h + 55. Give r(-10).
-85
Let n(g) = -g**3 + 18*g**2 + 172*g + 7. What is n(-7)?
28
Let n(p) = -53*p**2 + 2429*p + 410. What is n(46)?
-4
Let t(x) = 1843*x - 106894. Give t(58).
0
Let o(h) = -h**3 - 2*h**2 + 75*h + 31. Determine o(8).
-9
Let f(c) = 2*c + 87. What is f(-12)?
63
Let k(s) = -52*s - 1397. Determine k(-25).
-97
Let l(o) = -3*o - 146. Determine l(-23).
-77
Let n(j) = 4*j**2 - 51*j - 20. Calculate n(10).
-130
Let q(i) = 34*i - 385. Give q(6).
-181
Let p(i) = 1140*i - 177839. Calculate p(156).
1
Let p(s) = -2*s**3 + 30*s**2 + 64*s - 501. What is p(16)?
11
Let a(t) = 2*t**2 - 21*t + 5. Calculate a(8).
-35
Let j(l) = -l**3 + l**2 + 743*l - 1. Determine j(0).
-1
Let t(n) = 211*n - 8832. Give t(42).
30
Let y(b) = -b**3 - 9*b**2 + b + 52. Give y(5).
-293
Let f(a) = 3*a**2 + 51*a - 509. Determine f(-24).
-5
Let y(s) = -153*s + 1520. Give y(10).
-10
Let j(v) = -2*v**3 + 21*v**2 + 33*v - 36. Calculate j(11).
206
Let t(q) = 1836*q - 9219. Give t(5).
-39
Let d(s) = 2*s**3 + 6*s**2 - 87*s + 12. Determine d(5).
-23
Let z(c) = 175*c - 10853. Give z(62).
-3
Let v(c) = 58*c + 63. What is v(-5)?
-227
Let u(m) = -136*m - 1914. Determine u(-16).
262
Let q(v) = v**3 - 30*v**2 + 65*v - 257. Calculate q(28).
-5
Let p(f) = f**2 + 79*f + 1066. Calculate p(-62).
12
Let m(u) = -32*u**3 - 130*u**2 - 15*u - 27. Determine m(-4).
1
Let v(d) = d**3 - 7*d**2 - 49*d + 94. Determine v(11).
39
Let w(u) = 31*u**2 + 2143*u + 278. Determine w(-69).
2
Let r(y) = -13*y**3 - y**2 - 17*y - 19. Determine r(-4).
865
Let m(n) = -2*n**2 - 114*n - 598. What is m(-6)?
14
Let h(i) = 2*i**3 - 36*i**2 + 51*i - 82. What is h(16)?
-290
Let y(c) = -c**3 - 9*c**2 + 18*c + 42. Calculate y(-5).
-148
Let j(z) = -4*z**3 + 6*z**2 - 52*z + 54. Calculate j(3).
-156
Let j(d) = d**3 - 5*d**2 - 29*d + 101. What is j(4)?
-31
Let v(m) = -10*m + 258. Give v(25).
8
Let z(l) = 10*l**2 - 334*l + 138. Calculate z(33).
6
Let j(n) = -n**3 - 4*n**2 - 18*n + 477. Calculate j(6).
9
Let d(c) = -44*c**2 - 927*c - 58. Determine d(-21).
5
Let p(o) = -39*o + 904. What is p(21)?
85
Let l(o) = o**2 - 5*o + 1. Calculate l(12).
85
Let r(b) = 65*b - 235. Give r(4).
25
Let q(t) = -t**2 - t + 47. Give q(-5).
27
Let n(p) = -9*p**2 + 39*p - 27. Give n(9).
-405
Let t(m) = -m**3 + 27*m**2 - 53*m + 66. What is t(25)?
-9
Let o(j) = 62*j + 2. Determine o(0).
2
Let y(j) = j**3 + 70*j**2 + 66*j - 177. Determine y(-69).
30
Let u(j) = j**3 + 22*j**2 + 33*j - 121. Calculate u(-20).
19
Let m(h) = -254*h**2 - 5079*h - 44. Give m(-20).
-64
Let v(j) = 89*j**2 - 4807*j + 55. Calculate v(54).
1
Let o(z) = -3*z**3 - 135*z**2 - 254*z + 172. What is o(-43)?
0
Let v(x) = 7*x - 94. Give v(33).
137
Let v(q) = -q**2 + 286*q + 2661. Calculate v(295).
6
Let n(q) = -41*q**2 + 6108*q + 152. Determine n(149).
3
Let m(u) = -u**3 + 5*u**2 + 27*u + 53. Give m(9).
-28
Let o(a) = 4*a**2 + 60*a - 21. Determine o(-15).
-21
Let v(z) = 5*z**3 + 43*z**2 + 115*z + 12. Calculate v(-3).
-81
Let r(u) = -64*u - 3962. Determine r(-62).
6
Let f(g) = g**3 + 19*g**2 - 10*g - 774. What is f(-17)?
-26
Let u(l) = -l**3 - 28*l**2 - 27*l + 46. Give u(-27).
46
Let g(v) = -53*v - 41. Calculate g(-1).
12
Let h(z) = z**3 - 7*z**2 + 29*z - 119. Give h(5).
-24
Let y(l) = -l**3 - 148*l**2 - 183*l - 5293. Determine y(-147).
-1
Let d(l) = 19*l + 32. What is d(-4)?
-44
Let x(g) = -69*g + 141. Give x(7).
-342
Let x(j) = -8*j - 211. Determine x(-26).
-3
Let c(y) = -70*y - 1364. Give c(-20).
36
Let n(q) = -7*q**3 - 50*q**2 - 79*q + 25. Give n(-4).
-11
Let p(t) = 9*t**2 + 45*t - 7. Determine p(-5).
-7
Let w(f) = f**3 + 2*f**2 - 4*f + 41. Give w(0).
41
Let n(a) = -a**3 - 12*a**2 - 53*a + 18. What is n(-5)?
108
Let s(r) = -r**3 + 3*r**2 + 39*r - 155. What is s(5)?
-10
Let s(h) = -680*h + 5427. What is s(8)?
-13
Let w(h) = -h**3 + 12*h**2 - 56*h - 43. Give w(10).
-403
Let o(a) = -601*a - 78737. Determine o(-131).
-6
Let n(p) = -p**3 - 22*p**2 + 21*p - 48. Determine n(-23).
-2
Let j(o) = -659*o + 23023. Give j(35).
-42
Let a(x) = -683*x - 19806. Calculate a(-29).
1
Let t(z) = z**2 + 10*z - 53. Calculate t(-12).
-29
Let l(n) = -9946*n - 29841. What is l(-3)?
-3
Let h(z) = -z**3 + 38*z**2 + 32*z + 14. What is h(39)?
-259
Let i(l) = 3396*l - 353178. Calculate i(104).
6
Let k(i) = -4*i**3 - 73*i**2 + 77*i + 400. What is k(-19)?
20
Let s(b) = b**3 - 19*b**2 - 30*b - 256. Give s(21).
-4
Let h(y) = -3*y**3 + y**2 + y - 12. Calculate h(5).
-357
Let o(d) = -124*d**2 + 1196*d + 449. Determine o(10).
9
Let f(b) = -164*b + 9852. Calculate f(60).
12
Let y(v) = 2*v**2 + 35*v - 142. Determine y(-21).
5
Let i(s) = 2*s**3 + 61*s**2 - 30*s + 34. Calculate i(-31).
3
Let p(o) = -2*o**2 - 139*o + 1085. Calculate p(7).
14
Let y(j) = 2*j - 85. Give y(3).
-79
Let z(l) = 500*l**3 - 5*l - 5. Calculate z(-1).
-500
Let h(y) = -99*y + 1070. Give h(11).
-19
Let m(k) = 7*k - 171. Calculate m(20).
-31
Let r(k) = 8*k - 43. Give r(22).
133
Let d(z) = -2*z**2 - 561*z - 39211. Give d(-132).
-7
Let s(m) = -m**3 + 13*m**2 - 44*m + 6. What is s(6)?
-6
Let t(b) = -b**3 + 8*b**2 + 19*b - 63. Give t(9).
27
Let s(a) = a**3 + 4*a**2 - 12*a - 28. Give s(-6).
-28
Let q(f) = -f**3 + 10*f**2 + 13*f + 42. Determine q(9).
240
Let p(z) = -z**3 - 12*z**2 - 40*z - 7. Give p(-9).
110
Let i(z) = -z**3 + 3*z**2 + 14*z + 47. Determine i(7).
-51
Let d(o) = -o**2 + 114*o - 2956. Determine d(74).
4
Let o(d) = -9*d**2 + 215*d